der when 136 is divided by 126.
10
Calculate the remainder when 55 is divided by 27.
1
What is the remainder when 4195 is divided by 1397?
4
What is the remainder when 144 is divided by 41?
21
What is the remainder when 1456 is divided by 162?
160
Calculate the remainder when 44 is divided by 23.
21
Calculate the remainder when 920 is divided by 912.
8
What is the remainder when 61 is divided by 21?
19
Calculate the remainder when 984 is divided by 13.
9
Calculate the remainder when 2077 is divided by 26.
23
Calculate the remainder when 540 is divided by 268.
4
Calculate the remainder when 526 is divided by 6.
4
Calculate the remainder when 1052 is divided by 8.
4
Calculate the remainder when 25 is divided by 20.
5
What is the remainder when 151 is divided by 55?
41
Calculate the remainder when 33 is divided by 11.
0
Calculate the remainder when 8238 is divided by 40.
38
Calculate the remainder when 3989 is divided by 70.
69
Calculate the remainder when 7310 is divided by 332.
6
What is the remainder when 678 is divided by 62?
58
What is the remainder when 43 is divided by 13?
4
What is the remainder when 149 is divided by 26?
19
What is the remainder when 183 is divided by 44?
7
Calculate the remainder when 132 is divided by 7.
6
What is the remainder when 14038 is divided by 139?
138
Calculate the remainder when 61 is divided by 31.
30
Calculate the remainder when 80 is divided by 14.
10
What is the remainder when 528 is divided by 67?
59
Calculate the remainder when 340 is divided by 40.
20
What is the remainder when 522 is divided by 15?
12
What is the remainder when 509 is divided by 177?
155
Calculate the remainder when 356 is divided by 72.
68
Calculate the remainder when 153 is divided by 22.
21
What is the remainder when 783 is divided by 48?
15
Calculate the remainder when 57 is divided by 15.
12
Calculate the remainder when 2554 is divided by 18.
16
What is the remainder when 146 is divided by 25?
21
What is the remainder when 1132 is divided by 63?
61
Calculate the remainder when 21381 is divided by 30.
21
What is the remainder when 3659 is divided by 37?
33
Calculate the remainder when 510 is divided by 26.
16
Calculate the remainder when 791 is divided by 18.
17
What is the remainder when 329 is divided by 11?
10
What is the remainder when 51 is divided by 31?
20
Calculate the remainder when 190 is divided by 68.
54
What is the remainder when 90 is divided by 61?
29
What is the remainder when 650 is divided by 216?
2
What is the remainder when 52 is divided by 29?
23
Calculate the remainder when 775 is divided by 373.
29
What is the remainder when 115 is divided by 25?
15
What is the remainder when 93 is divided by 16?
13
What is the remainder when 554 is divided by 15?
14
What is the remainder when 2672 is divided by 99?
98
What is the remainder when 322 is divided by 150?
22
What is the remainder when 468 is divided by 10?
8
Calculate the remainder when 878 is divided by 55.
53
What is the remainder when 890 is divided by 39?
32
Calculate the remainder when 52 is divided by 7.
3
Calculate the remainder when 128 is divided by 37.
17
Calculate the remainder when 74 is divided by 53.
21
What is the remainder when 77 is divided by 9?
5
Calculate the remainder when 183 is divided by 4.
3
Calculate the remainder when 6381 is divided by 21.
18
Calculate the remainder when 136 is divided by 28.
24
Calculate the remainder when 58 is divided by 31.
27
What is the remainder when 1822 is divided by 53?
20
Calculate the remainder when 314 is divided by 107.
100
Calculate the remainder when 620 is divided by 48.
44
What is the remainder when 9675 is divided by 176?
171
Calculate the remainder when 3610 is divided by 37.
21
What is the remainder when 665 is divided by 23?
21
Calculate the remainder when 179 is divided by 51.
26
What is the remainder when 66299 is divided by 30?
29
Calculate the remainder when 190 is divided by 13.
8
Calculate the remainder when 130 is divided by 52.
26
What is the remainder when 1331 is divided by 75?
56
What is the remainder when 1245 is divided by 12?
9
What is the remainder when 307 is divided by 35?
27
Calculate the remainder when 519 is divided by 203.
113
What is the remainder when 3194 is divided by 25?
19
Calculate the remainder when 523 is divided by 21.
19
What is the remainder when 502 is divided by 215?
72
Calculate the remainder when 7214 is divided by 22.
20
What is the remainder when 72 is divided by 45?
27
What is the remainder when 5345 is divided by 18?
17
Calculate the remainder when 370 is divided by 53.
52
What is the remainder when 1505 is divided by 54?
47
Calculate the remainder when 28010 is divided by 94.
92
What is the remainder when 1257 is divided by 416?
9
What is the remainder when 713 is divided by 9?
2
What is the remainder when 84 is divided by 57?
27
What is the remainder when 1263 is divided by 1260?
3
What is the remainder when 526 is divided by 113?
74
What is the remainder when 57 is divided by 54?
3
What is the remainder when 396 is divided by 15?
6
What is the remainder when 238 is divided by 16?
14
What is the remainder when 202 is divided by 69?
64
What is the remainder when 180 is divided by 31?
25
Calculate the remainder when 54 is divided by 8.
6
What is the remainder when 280 is divided by 133?
14
What is the remainder when 255 is divided by 5?
0
What is the remainder when 91 is divided by 35?
21
Calculate the remainder when 672 is divided by 76.
64
What is the remainder when 67 is divided by 5?
2
Calculate the remainder when 101 is divided by 27.
20
What is the remainder when 1796 is divided by 200?
196
What is the remainder when 1004 is divided by 5?
4
Calculate the remainder when 2853 is divided by 56.
53
Calculate the remainder when 48 is divided by 39.
9
What is the remainder when 783 is divided by 61?
51
What is the remainder when 131 is divided by 74?
57
Calculate the remainder when 879 is divided by 40.
39
What is the remainder when 62 is divided by 38?
24
What is the remainder when 205 is divided by 23?
21
What is the remainder when 147 is divided by 31?
23
Calculate the remainder when 1940 is divided by 1938.
2
Calculate the remainder when 3093 is divided by 9.
6
What is the remainder when 59 is divided by 34?
25
Calculate the remainder when 20157 is divided by 90.
87
Calculate the remainder when 148 is divided by 17.
12
Calculate the remainder when 518 is divided by 167.
17
What is the remainder when 546 is divided by 217?
112
What is the remainder when 682 is divided by 18?
16
Calculate the remainder when 39 is divided by 26.
13
Calculate the remainder when 6596 is divided by 169.
5
What is the remainder when 2905 is divided by 62?
53
Calculate the remainder when 5142 is divided by 147.
144
Calculate the remainder when 44 is divided by 8.
4
What is the remainder when 559 is divided by 259?
41
What is the remainder when 144 is divided by 4?
0
What is the remainder when 2192 is divided by 98?
36
Calculate the remainder when 24 is divided by 18.
6
Calculate the remainder when 883 is divided by 112.
99
Calculate the remainder when 425 is divided by 144.
137
Calculate the remainder when 108 is divided by 65.
43
Calculate the remainder when 793 is divided by 265.
263
Calculate the remainder when 137 is divided by 70.
67
What is the remainder when 541 is divided by 31?
14
What is the remainder when 769 is divided by 10?
9
What is the remainder when 126 is divided by 68?
58
Calculate the remainder when 921 is divided by 234.
219
What is the remainder when 3084 is divided by 43?
31
Calculate the remainder when 790 is divided by 6.
4
Calculate the remainder when 144 is divided by 49.
46
Calculate the remainder when 618 is divided by 64.
42
What is the remainder when 847 is divided by 14?
7
What is the remainder when 1478 is divided by 486?
20
Calculate the remainder when 372 is divided by 22.
20
Calculate the remainder when 494 is divided by 51.
35
What is the remainder when 384 is divided by 43?
40
What is the remainder when 265 is divided by 45?
40
What is the remainder when 986 is divided by 38?
36
Calculate the remainder when 30 is divided by 23.
7
What is the remainder when 464 is divided by 260?
204
Calculate the remainder when 417 is divided by 15.
